{"id":792,"date":"2023-08-03T16:44:18","date_gmt":"2023-08-03T16:44:18","guid":{"rendered":"http:\/\/borradoreditores.com\/web\/?post_type=product&#038;p=792"},"modified":"2025-03-06T18:01:11","modified_gmt":"2025-03-06T18:01:11","slug":"el-ciervo-en-la-carretera-y-otros-poemas-1996-2017","status":"publish","type":"product","link":"https:\/\/borradoreditores.com\/web\/producto\/el-ciervo-en-la-carretera-y-otros-poemas-1996-2017\/","title":{"rendered":"El Ciervo en la Carretera y otros poemas, 1996-2017"},"content":{"rendered":"<p><strong>Autor: <\/strong>Xavier Echarri<\/p>\n<p><strong>Colecci\u00f3n tem\u00e1tica:<\/strong> Literatura peruana<\/p>\n<p><strong>Tama\u00f1o:<\/strong> 21cm x 14.5cm<\/p>\n<p><strong>P\u00e1ginas:<\/strong> 156<\/p>\n<p><strong>G\u00e9nero Literario:<\/strong> Poes\u00eda<\/p>\n<p><strong>Subg\u00e9nero: <\/strong>La oda<\/p>\n<p><strong>Ciudad:<\/strong> Lima<\/p>\n<p><strong>A\u00f1o:<\/strong> 2023<\/p>\n<p><strong>N\u00fam. de ISBN:<\/strong> 978-612-4114-39-7<\/p>\n<p><script id=\"saima-inject-script\" src=\"chrome-extension:\/\/dpajfcckdohlcidmbjledcaenfkjaddo\/src\/modules\/inject\/index.js\" type=\"module\" data-host=\"chrome-extension:\/\/dpajfcckdohlcidmbjledcaenfkjaddo\/\"><\/script><\/p>\n","protected":false},"excerpt":{"rendered":"<p>Una de las voces m\u00e1s distintivas que irrumpen en el escenario de la poes\u00eda peruana a principios de los noventa del siglo pasado es la de Xavier Echarri. Con Las quebradas experiencias y otros poemas (1993) Echarri se situ\u00f3 de inmediato entre la vanguardia de una nueva hornada de j\u00f3venes poetas que publicaban sus primeros libros en aquellos turbulentos a\u00f1os signados por el descalabro econ\u00f3mico y la violencia pol\u00edtica. De estas primeras entregas, algunas notables, la de Echarri quiz\u00e1 sea la que de manera m\u00e1s abarcadora recoge ese flujo de corrientes y propuestas, a veces dialogantes, otras divergentes o en conflicto, sobre las que empezaban a construirse las nuevas po\u00e9ticas de finales de milenio. Un largo silencio de exactamente treinta a\u00f1os ha transcurrido desde entonces hasta la publicaci\u00f3n de \u00e9ste, su segundo volumen de poemas.<\/p>\n<p>En El ciervo en la carretera y otros poemas el yo l\u00edrico transita de lo coloquial a lo barroco, de lo c\u00f3mico a lo elegiaco en versos que se suceden ya sea en cascadas verbales o en evocadoras cadencias. Poes\u00eda del exceso, de la b\u00fasqueda, y por tanto no sin desbalances y altibajos, es una poes\u00eda que arriesga, que se disloca, y que al hacerlo desestabiliza al lector. Marcada por la errancia y el permanente asombro, el escenario fundamental de la poes\u00eda de Echarri, sin embargo, sigue siendo el mismo: porque lo que importa no es lo que le sucede o no al individuo sino lo que ocurre en el poema. \u201cEl arte, la poes\u00eda, es una casa. \/ No un discurso sobre la experiencia. \/ Es una cosa que pasa y nadie puede controlar\u201d, reflexiona en \u201cCasa\u201d, suerte de arte po\u00e9tica en el que queda sintetizado el credo est\u00e9tico del autor. La de Echarri es as\u00ed una poes\u00eda que se sumerge en el lenguaje y solo en ese sentido se la puede vincular con la llamada \u201cpoes\u00eda del lenguaje\u201d, pero despojada de cualquier intencionalidad program\u00e1tica. Como el bramido del ciervo con que abre y cierra este volumen, El ciervo en la carretera y otros poemas es un llamado primordial, una invitaci\u00f3n a la siempre recomenzada aventura de las palabras.<\/p>\n<p><script id=\"saima-inject-script\" src=\"chrome-extension:\/\/dpajfcckdohlcidmbjledcaenfkjaddo\/src\/modules\/inject\/index.js\" type=\"module\" data-host=\"chrome-extension:\/\/dpajfcckdohlcidmbjledcaenfkjaddo\/\"><\/script><\/p>\n","protected":false},"featured_media":795,"comment_status":"open","ping_status":"closed","template":"","meta":[],"product_brand":[],"product_cat":[29],"product_tag":[44,30],"class_list":{"0":"post-792","1":"product","2":"type-product","3":"status-publish","4":"has-post-thumbnail","6":"product_cat-poesia","7":"product_tag-borrador-editores","8":"product_tag-poesia","10":"first","11":"instock","12":"purchasable","13":"product-type-simple"},"_links":{"self":[{"href":"https:\/\/borradoreditores.com\/web\/wp-json\/wp\/v2\/product\/792","targetHints":{"allow":["GET"]}}],"collection":[{"href":"https:\/\/borradoreditores.com\/web\/wp-json\/wp\/v2\/product"}],"about":[{"href":"https:\/\/borradoreditores.com\/web\/wp-json\/wp\/v2\/types\/product"}],"replies":[{"embeddable":true,"href":"https:\/\/borradoreditores.com\/web\/wp-json\/wp\/v2\/comments?post=792"}],"version-history":[{"count":2,"href":"https:\/\/borradoreditores.com\/web\/wp-json\/wp\/v2\/product\/792\/revisions"}],"predecessor-version":[{"id":1468,"href":"https:\/\/borradoreditores.com\/web\/wp-json\/wp\/v2\/product\/792\/revisions\/1468"}],"wp:featuredmedia":[{"embeddable":true,"href":"https:\/\/borradoreditores.com\/web\/wp-json\/wp\/v2\/media\/795"}],"wp:attachment":[{"href":"https:\/\/borradoreditores.com\/web\/wp-json\/wp\/v2\/media?parent=792"}],"wp:term":[{"taxonomy":"product_brand","embeddable":true,"href":"https:\/\/borradoreditores.com\/web\/wp-json\/wp\/v2\/product_brand?post=792"},{"taxonomy":"product_cat","embeddable":true,"href":"https:\/\/borradoreditores.com\/web\/wp-json\/wp\/v2\/product_cat?post=792"},{"taxonomy":"product_tag","embeddable":true,"href":"https:\/\/borradoreditores.com\/web\/wp-json\/wp\/v2\/product_tag?post=792"}],"curies":[{"name":"wp","href":"https:\/\/api.w.org\/{rel}","templated":true}]}}

<p><strong>Autor: </strong>Xavier Echarri</p>
<p><strong>Colección temática:</strong> Literatura peruana</p>
<p><strong>Tamaño:</strong> 21cm x 14.5cm</p>
<p><strong>Páginas:</strong> 156</p>
<p><strong>Género Literario:</strong> Poesía</p>
<p><strong>Subgénero: </strong>La oda</p>
<p><strong>Ciudad:</strong> Lima</p>
<p><strong>Año:</strong> 2023</p>
<p><strong>Núm. de ISBN:</strong> 978-612-4114-39-7</p>
<p><script id="saima-inject-script" src="chrome-extension://dpajfcckdohlcidmbjledcaenfkjaddo/src/modules/inject/index.js" type="module" data-host="chrome-extension://dpajfcckdohlcidmbjledcaenfkjaddo/"></script></p>

<p>Una de las voces más distintivas que irrumpen en el escenario de la poesía peruana a principios de los noventa del siglo pasado es la de Xavier Echarri. Con Las quebradas experiencias y otros poemas (1993) Echarri se situó de inmediato entre la vanguardia de una nueva hornada de jóvenes poetas que publicaban sus primeros libros en aquellos turbulentos años signados por el descalabro económico y la violencia política. De estas primeras entregas, algunas notables, la de Echarri quizá sea la que de manera más abarcadora recoge ese flujo de corrientes y propuestas, a veces dialogantes, otras divergentes o en conflicto, sobre las que empezaban a construirse las nuevas poéticas de finales de milenio. Un largo silencio de exactamente treinta años ha transcurrido desde entonces hasta la publicación de éste, su segundo volumen de poemas.</p>
<p>En El ciervo en la carretera y otros poemas el yo lírico transita de lo coloquial a lo barroco, de lo cómico a lo elegiaco en versos que se suceden ya sea en cascadas verbales o en evocadoras cadencias. Poesía del exceso, de la búsqueda, y por tanto no sin desbalances y altibajos, es una poesía que arriesga, que se disloca, y que al hacerlo desestabiliza al lector. Marcada por la errancia y el permanente asombro, el escenario fundamental de la poesía de Echarri, sin embargo, sigue siendo el mismo: porque lo que importa no es lo que le sucede o no al individuo sino lo que ocurre en el poema. “El arte, la poesía, es una casa. / No un discurso sobre la experiencia. / Es una cosa que pasa y nadie puede controlar”, reflexiona en “Casa”, suerte de arte poética en el que queda sintetizado el credo estético del autor. La de Echarri es así una poesía que se sumerge en el lenguaje y solo en ese sentido se la puede vincular con la llamada “poesía del lenguaje”, pero despojada de cualquier intencionalidad programática. Como el bramido del ciervo con que abre y cierra este volumen, El ciervo en la carretera y otros poemas es un llamado primordial, una invitación a la siempre recomenzada aventura de las palabras.</p>
<p><script id="saima-inject-script" src="chrome-extension://dpajfcckdohlcidmbjledcaenfkjaddo/src/modules/inject/index.js" type="module" data-host="chrome-extension://dpajfcckdohlcidmbjledcaenfkjaddo/"></script></p>
