{"id":172,"date":"2015-10-18T23:33:16","date_gmt":"2015-10-18T23:33:16","guid":{"rendered":"http:\/\/borradoreditores.com\/web\/?post_type=product&#038;p=172"},"modified":"2024-05-21T20:12:21","modified_gmt":"2024-05-21T20:12:21","slug":"playas","status":"publish","type":"product","link":"https:\/\/borradoreditores.com\/web\/producto\/playas\/","title":{"rendered":"Playas"},"content":{"rendered":"<p><strong>Autor: <\/strong>Carlos Calder\u00f3n Fajardo<\/p>\n<p><strong>Colecci\u00f3n tem\u00e1tica:<\/strong> Literatura peruana<\/p>\n<p><strong>Tama\u00f1o:<\/strong> 20cm x 14.5cm<\/p>\n<p><strong>P\u00e1ginas:<\/strong> 156<\/p>\n<p><strong>G\u00e9nero Literario:<\/strong> Narrativa<\/p>\n<p><strong>Subg\u00e9nero: <\/strong>Cuento<\/p>\n<p><strong>Ciudad:<\/strong> Lima<\/p>\n<p><strong>A\u00f1o:<\/strong> 2015<\/p>\n<p><strong>N\u00fam. de ISBN:<\/strong> 978-612-4114-19-9<\/p>\n","protected":false},"excerpt":{"rendered":"<p>La publicaci\u00f3n de Playas evidenci\u00f3 en el panorama del relato la consolidaci\u00f3n de una obra cuent\u00edstica llena de pericia y calidad narrativa. Su nueva edici\u00f3n nos vuelve a sumergir en una propuesta que bordea la ambig\u00fcedad entre la narraci\u00f3n realista chejoviana o ribeyriana y la narrativa fant\u00e1stica influida por escritores como Kafka o Buzzati. Con gran maestr\u00eda Carlos Calder\u00f3n Fajardo nos deja una obra en las que nos muestra sus preocupaciones como escritor, su obsesi\u00f3n por el fracaso, la muerte, las fantas\u00edas del lector con una infinita biblioteca personal, pero sobretodo nos deja un legado de celebraci\u00f3n y homenajes. Sin duda este extraordinario y fecundo conjunto de relatos que nos abre una grieta para significar las fronteras invisibles que todos llevamos dentro.<\/p>\n","protected":false},"featured_media":173,"comment_status":"open","ping_status":"closed","template":"","meta":[],"product_brand":[],"product_cat":[22],"product_tag":[26],"class_list":{"0":"post-172","1":"product","2":"type-product","3":"status-publish","4":"has-post-thumbnail","6":"product_cat-cuento","7":"product_tag-cuento","9":"first","10":"instock","11":"purchasable","12":"product-type-simple"},"_links":{"self":[{"href":"https:\/\/borradoreditores.com\/web\/wp-json\/wp\/v2\/product\/172","targetHints":{"allow":["GET"]}}],"collection":[{"href":"https:\/\/borradoreditores.com\/web\/wp-json\/wp\/v2\/product"}],"about":[{"href":"https:\/\/borradoreditores.com\/web\/wp-json\/wp\/v2\/types\/product"}],"replies":[{"embeddable":true,"href":"https:\/\/borradoreditores.com\/web\/wp-json\/wp\/v2\/comments?post=172"}],"version-history":[{"count":2,"href":"https:\/\/borradoreditores.com\/web\/wp-json\/wp\/v2\/product\/172\/revisions"}],"predecessor-version":[{"id":1465,"href":"https:\/\/borradoreditores.com\/web\/wp-json\/wp\/v2\/product\/172\/revisions\/1465"}],"wp:featuredmedia":[{"embeddable":true,"href":"https:\/\/borradoreditores.com\/web\/wp-json\/wp\/v2\/media\/173"}],"wp:attachment":[{"href":"https:\/\/borradoreditores.com\/web\/wp-json\/wp\/v2\/media?parent=172"}],"wp:term":[{"taxonomy":"product_brand","embeddable":true,"href":"https:\/\/borradoreditores.com\/web\/wp-json\/wp\/v2\/product_brand?post=172"},{"taxonomy":"product_cat","embeddable":true,"href":"https:\/\/borradoreditores.com\/web\/wp-json\/wp\/v2\/product_cat?post=172"},{"taxonomy":"product_tag","embeddable":true,"href":"https:\/\/borradoreditores.com\/web\/wp-json\/wp\/v2\/product_tag?post=172"}],"curies":[{"name":"wp","href":"https:\/\/api.w.org\/{rel}","templated":true}]}}